{"id":18,"date":"2024-02-23T18:08:58","date_gmt":"2024-02-23T17:08:58","guid":{"rendered":"https:\/\/test.guiii.fr\/?page_id=18"},"modified":"2025-11-22T15:04:57","modified_gmt":"2025-11-22T14:04:57","slug":"accueil","status":"publish","type":"page","link":"https:\/\/francescacluny.fr\/","title":{"rendered":"Home page"},"content":{"rendered":"\n<div class=\"wp-block-buttons is-horizontal is-content-justification-center is-nowrap is-layout-flex wp-container-core-buttons-is-layout-cde8df31 wp-block-buttons-is-layout-flex\" style=\"margin-top:var(--wp--preset--spacing--20);margin-bottom:0\">\n<div class=\"wp-block-button is-style-fill\"><a class=\"wp-block-button__link has-foreground-color has-background-background-color has-text-color has-background has-link-color has-border-color has-foreground-border-color has-normal-font-size has-custom-font-size wp-element-button\" href=\"tel:0385502247\" style=\"padding-top:10px;padding-right:16px;padding-bottom:10px;padding-left:16px\" target=\"_blank\" rel=\"noreferrer noopener\">03 85 50 22 47<\/a><\/div>\n<\/div>\n\n\n<div class=\"aligncenter is-style-default wp-block-site-logo wp-duotone-unset-1\"><a href=\"https:\/\/francescacluny.fr\/\" class=\"custom-logo-link\" rel=\"home\"><img loading=\"lazy\" decoding=\"async\" width=\"638\" height=\"319\" src=\"https:\/\/francescacluny.fr\/wp-content\/uploads\/2024\/03\/Logo-francesca-cluny-1.png\" class=\"custom-logo\" alt=\"Francesca\" srcset=\"https:\/\/francescacluny.fr\/wp-content\/uploads\/2024\/03\/Logo-francesca-cluny-1.png 1000w, https:\/\/francescacluny.fr\/wp-content\/uploads\/2024\/03\/Logo-francesca-cluny-1-300x150.png 300w, https:\/\/francescacluny.fr\/wp-content\/uploads\/2024\/03\/Logo-francesca-cluny-1-768x384.png 768w\" sizes=\"auto, (max-width: 638px) 100vw, 638px\" \/><\/a><\/div>\n\n<nav style=\"font-style:normal;font-weight:700;\" class=\"has-text-color has-background-color items-justified-center alignwide wp-block-navigation is-content-justification-center is-layout-flex wp-container-core-navigation-is-layout-a89b3969 wp-block-navigation-is-layout-flex\" aria-label=\"Navigation 2\"><ul style=\"font-style:normal;font-weight:700;\" class=\"wp-block-navigation__container has-text-color has-background-color items-justified-center alignwide wp-block-navigation\"><li class=\" wp-block-navigation-item wp-block-navigation-link\"><a class=\"wp-block-navigation-item__content\"  href=\"#pizzas\"><span class=\"wp-block-navigation-item__label\">Nos pizzas<\/span><\/a><\/li><li class=\" wp-block-navigation-item wp-block-navigation-link\"><a class=\"wp-block-navigation-item__content\"  href=\"#salades\"><span class=\"wp-block-navigation-item__label\">Nos salades<\/span><\/a><\/li><li class=\" wp-block-navigation-item wp-block-navigation-link\"><a class=\"wp-block-navigation-item__content\"  href=\"#plats\"><span class=\"wp-block-navigation-item__label\">Nos plats<\/span><\/a><\/li><li class=\" wp-block-navigation-item wp-block-navigation-link\"><a class=\"wp-block-navigation-item__content\"  href=\"#partager\"><span class=\"wp-block-navigation-item__label\">\u00c0 partager<\/span><\/a><\/li><li class=\" wp-block-navigation-item wp-block-navigation-link\"><a class=\"wp-block-navigation-item__content\"  href=\"#desserts\"><span class=\"wp-block-navigation-item__label\">Nos desserts<\/span><\/a><\/li><li class=\" wp-block-navigation-item wp-block-navigation-link\"><a class=\"wp-block-navigation-item__content\"  href=\"#bambino\"><span class=\"wp-block-navigation-item__label\">Menu bambino<\/span><\/a><\/li><\/ul><\/nav>\n\n\n<div class=\"wp-block-group alignwide is-style-tove-shaded has-black-color has-text-color has-background has-link-color wp-elements-e9fae5d0872a75ed6ca3a821467949f0 is-layout-flow wp-block-group-is-layout-flow\" style=\"background-color:#ffffffed\">\n<h2 class=\"wp-block-heading has-text-align-center has-foreground-color has-text-color has-link-color wp-elements-0a6cef0564d37df84846524456dd866c\" id=\"pizzas\" style=\"margin-bottom:0;font-style:normal;font-weight:400\"><strong>Nos pizzas<br><\/strong>sur place ou \u00e0 emporter<\/h2>\n\n\n\n<div class=\"wp-block-columns is-layout-flex wp-container-core-columns-is-layout-28f84493 wp-block-columns-is-layout-flex\">\n<div class=\"wp-block-column is-layout-flow wp-block-column-is-layout-flow\">\n<figure class=\"wp-block-table no-margin-top is-style-tove-vertical-borders\"><table class=\"has-black-color has-text-color has-link-color has-fixed-layout\"><tbody><tr><td><strong>Margherita<\/strong><br><em><em>Tomate, mozzarella Fiore Di Latte, basilic, huile d&rsquo;olive<\/em><\/em><\/td><td class=\"has-text-align-right\" data-align=\"right\">10.00 \u20ac<\/td><\/tr><tr><td><strong><strong>Napolitaine<br><\/strong><\/strong><em><em>Tomate, anchois, c\u00e2pres, olives noires<\/em><\/em><\/td><td class=\"has-text-align-right\" data-align=\"right\">11.50 \u20ac<\/td><\/tr><tr><td><strong>Reine<br><\/strong><em><em>Tomate, mozzarella Fiore Di Latte, jambon blanc, champignons<\/em><\/em><\/td><td class=\"has-text-align-right\" data-align=\"right\">12.50 \u20ac<\/td><\/tr><tr><td><strong>4 fromages<br><\/strong><em><em>Tomate, mozzarella Fiore Di Latte, gorgonzola AOP, ch\u00e8vre frais de la Laiterie BERNARD, chaource<\/em><\/em><\/td><td class=\"has-text-align-right\" data-align=\"right\">14.50 \u20ac<\/td><\/tr><tr><td><strong>Calzone (pizza en chausson)<br><\/strong><em><em>Tomate, Mozzarella Fiore Di Latte, jambon, \u0153uf<\/em><\/em><\/td><td class=\"has-text-align-right\" data-align=\"right\">13.00 \u20ac<\/td><\/tr><tr><td><strong>4 saisons<br><\/strong><em>Tomate, mozzarella Fiore Di Latte, Spianata, c\u0153urs d&rsquo;artichauts, champignons, jambon blanc, olives noires<\/em><\/td><td class=\"has-text-align-right\" data-align=\"right\">14.00 \u20ac<\/td><\/tr><tr><td><strong>V\u00e9g\u00e9tarienne<br><\/strong><em>Tomate, mozzarella Fiore Di Latte, poivrons, aubergines, oignons, courgettes marin\u00e9es<\/em><\/td><td class=\"has-text-align-right\" data-align=\"right\">14.50 \u20ac<\/td><\/tr><tr><td><strong>Francesco<\/strong><br><em>Cr\u00e8me, mozzarella Fiore Di Latte, courgettes marin\u00e9es, tomates cerise, mozzarella Di Buffala, pesto, roquette, Mortadelle \u00e0 la pistache<\/em><\/td><td class=\"has-text-align-right\" data-align=\"right\">16.00\u20ac<\/td><\/tr><\/tbody><\/table><\/figure>\n<\/div>\n\n\n\n<div class=\"wp-block-column is-layout-flow wp-block-column-is-layout-flow\">\n<figure class=\"wp-block-table is-style-tove-vertical-borders no-margin-top\"><table class=\"has-black-color has-text-color has-link-color has-fixed-layout\"><tbody><tr><td><strong>Francesca<br><\/strong><em><em><em>Cr\u00e8me, mozzarella Fiore Di Latte, courgettes marin\u00e9es, saumon fum\u00e9, mozzarella Di Buffala, tomates cerise, roquette, pesto<\/em><\/em><\/em><\/td><td class=\"has-text-align-right\" data-align=\"right\">16.00 \u20ac<\/td><\/tr><tr><td><strong>Savoyarde<br><\/strong><em><em><em>Cr\u00e8me, mozzarella Fiore Di Latte, pommes de terre, lardons, oignons, reblochon<\/em><\/em><\/em><\/td><td class=\"has-text-align-right\" data-align=\"right\">14.00 \u20ac<\/td><\/tr><tr><td><strong>Miel<br><\/strong><em><em><em>Cr\u00e8me, mozzarella Fiore Di Latte, ch\u00e8vre frais de la Laiterie BERNARD, miel, roquette<\/em><\/em><\/em><\/td><td class=\"has-text-align-right\" data-align=\"right\">14.00 \u20ac<\/td><\/tr><tr><td><strong>Barbecue<br><\/strong><em>Tomate, mozzarella Fiore Di Latte, poulet, oignons, sauce barbecue, poivrons<\/em><\/td><td class=\"has-text-align-right\" data-align=\"right\">13.50 \u20ac <\/td><\/tr><tr><td><strong>Bolognaise<br><\/strong><em>Tomate, mozzarella Fiore Di Latte, oignons, b\u0153uf hach\u00e9, cr\u00e8me fraiche<\/em><\/td><td class=\"has-text-align-right\" data-align=\"right\">13.50 \u20ac<\/td><\/tr><tr><td><strong>Italienne<br><\/strong><em>Tomate, mozzarella Fiore Di Latte, jambon cru italien, tomates confites, basilic<\/em><\/td><td class=\"has-text-align-right\" data-align=\"right\">14.00 \u20ac<\/td><\/tr><tr><td><strong>Diavola<br><\/strong><em><em>Tomate, mozzarella Fiore Di Latte, Spianata, tomates s\u00e9ch\u00e9es, poivrons<\/em><\/em><\/td><td class=\"has-text-align-right\" data-align=\"right\">14.00 \u20ac<\/td><\/tr><tr><td><strong>Chef<br><\/strong><em><em><em>Cr\u00e8me, mozzarella Fiore Di Latte, poulet, ch\u00e8vre frais de la Laiterie BERNARD , \u0153uf, tomates confites, basilic<\/em><\/em><\/em><\/td><td class=\"has-text-align-right\" data-align=\"right\">14.50 \u20ac<\/td><\/tr><\/tbody><\/table><\/figure>\n<\/div>\n<\/div>\n<\/div>\n\n\n\n<div class=\"wp-block-columns alignwide is-layout-flex wp-container-core-columns-is-layout-28f84493 wp-block-columns-is-layout-flex\">\n<div class=\"wp-block-column is-layout-flow wp-block-column-is-layout-flow\">\n<div class=\"wp-block-group alignwide is-style-tove-shaded has-black-color has-text-color has-background has-link-color wp-elements-83db0eb7d125cc763cdf56d4053aa177 is-layout-flow wp-block-group-is-layout-flow\" style=\"background-color:#ffffffed\">\n<h2 class=\"wp-block-heading has-text-align-center has-foreground-color has-text-color has-link-color wp-elements-914cff702b148f8af1d76e641fa81623\" id=\"partager\" style=\"font-style:normal;font-weight:400\"><strong>\u00c0 partager<\/strong><\/h2>\n\n\n\n<div class=\"wp-block-columns is-layout-flex wp-container-core-columns-is-layout-28f84493 wp-block-columns-is-layout-flex\">\n<div class=\"wp-block-column is-layout-flow wp-block-column-is-layout-flow\">\n<figure class=\"wp-block-table is-style-tove-vertical-borders no-margin-top\"><table class=\"has-fixed-layout\"><tbody><tr><td><strong>Assiette de charcuteries 100% Porc Italien (LEVONI) et fromages<\/strong> <em>(Provolone, Gorgonzola AOP et ch\u00e8vre frais de la Laiterie BERNARD)<\/em><\/td><td class=\"has-text-align-right\" data-align=\"right\">16.00\u00a0\u20ac<\/td><\/tr><tr><td><strong>Arancini et salade verte<br><\/strong><em>Duo<\/em><em> d&rsquo;Arancini (boulettes de riz farcies \u00e0 la viande de boeuf, pan\u00e9es et fris<\/em>)<\/td><td class=\"has-text-align-right\" data-align=\"right\">14.50&nbsp;\u20ac<\/td><\/tr><\/tbody><\/table><\/figure>\n<\/div>\n<\/div>\n<\/div>\n\n\n\n<div class=\"wp-block-group alignwide is-style-tove-shaded has-black-color has-text-color has-background has-link-color wp-elements-ecf2b459a094775d6d7091e87f507613 is-layout-flow wp-block-group-is-layout-flow\" style=\"background-color:#ffffffed\">\n<h2 class=\"wp-block-heading has-text-align-center has-foreground-color has-text-color has-link-color wp-elements-7fabcd2b25a2506250fc3019e36def0a\" id=\"bambino\" style=\"font-style:normal;font-weight:400\"><strong>Menu bambino <br><\/strong>(- 10 ans)<\/h2>\n\n\n\n<div class=\"wp-block-columns is-layout-flex wp-container-core-columns-is-layout-28f84493 wp-block-columns-is-layout-flex\">\n<div class=\"wp-block-column is-layout-flow wp-block-column-is-layout-flow\">\n<figure class=\"wp-block-table is-style-tove-vertical-borders no-margin-top\"><table class=\"has-fixed-layout\"><tbody><tr><td><strong>Pizza jambon fromage ou p\u00e2tes bolognaise &amp; petit pot chocolat \/ Vanille<\/strong><\/td><td class=\"has-text-align-right\" data-align=\"right\">9.00&nbsp;\u20ac<\/td><\/tr><\/tbody><\/table><\/figure>\n<\/div>\n<\/div>\n<\/div>\n<\/div>\n\n\n\n<div class=\"wp-block-column is-layout-flow wp-block-column-is-layout-flow\">\n<div class=\"wp-block-group alignwide is-style-tove-shaded has-black-color has-text-color has-background has-link-color wp-elements-bd800b2272dabe453d4140622187c3c9 is-layout-flow wp-block-group-is-layout-flow\" style=\"background-color:#ffffffed\">\n<h2 class=\"wp-block-heading has-text-align-center has-foreground-color has-text-color has-link-color wp-elements-f2216f9e0c4002cda5e80ec8d6b4a62d\" id=\"plats\" style=\"font-style:normal;font-weight:400\"><strong>Nos plats<\/strong><\/h2>\n\n\n\n<div class=\"wp-block-columns is-layout-flex wp-container-core-columns-is-layout-28f84493 wp-block-columns-is-layout-flex\">\n<div class=\"wp-block-column is-layout-flow wp-block-column-is-layout-flow\">\n<figure class=\"wp-block-table is-style-tove-vertical-borders no-margin-top\"><table class=\"has-fixed-layout\"><tbody><tr><td><strong>Lasagnes bolognaise maison et salade verte<\/strong><\/td><td class=\"has-text-align-right\" data-align=\"right\">15.00\u00a0\u20ac<\/td><\/tr><tr><td><\/td><td class=\"has-text-align-right\" data-align=\"right\"><\/td><\/tr><tr><td><strong>Les p\u00e2tes du moment<\/strong><\/td><td class=\"has-text-align-right\" data-align=\"right\">15.00&nbsp;\u20ac<\/td><\/tr><tr><td><\/td><td class=\"has-text-align-right\" data-align=\"right\"><\/td><\/tr><\/tbody><\/table><\/figure>\n<\/div>\n<\/div>\n<\/div>\n\n\n\n<div class=\"wp-block-group alignwide is-style-tove-shaded has-black-color has-text-color has-background has-link-color wp-elements-7dcf7bba993222dac102937f8cd6f8fb is-layout-flow wp-block-group-is-layout-flow\" style=\"background-color:#ffffffed\">\n<h2 class=\"wp-block-heading has-text-align-center has-foreground-color has-text-color has-link-color wp-elements-b6e585c3cc19fe086abff88c7e60131e\" id=\"desserts\" style=\"font-style:normal;font-weight:400\"><strong>Nos Desserts<\/strong><\/h2>\n\n\n\n<div class=\"wp-block-columns is-layout-flex wp-container-core-columns-is-layout-28f84493 wp-block-columns-is-layout-flex\">\n<div class=\"wp-block-column is-layout-flow wp-block-column-is-layout-flow\">\n<figure class=\"wp-block-table is-style-tove-vertical-borders no-margin-top\"><table class=\"has-fixed-layout\"><tbody><tr><td><strong>Fromage blanc faisselle de la Laiterie BERNARD<\/strong><br><em>Nature, cr\u00e8me fraiche<\/em> <em>ou coulis<\/em><\/td><td class=\"has-text-align-right\" data-align=\"right\">4.00&nbsp;\u20ac<\/td><\/tr><tr><td><strong>Assiette de fromages<\/strong><\/td><td class=\"has-text-align-right\" data-align=\"right\">6.00&nbsp;\u20ac<\/td><\/tr><tr><td><strong>Tarte tatin, glace vanille<\/strong><\/td><td class=\"has-text-align-right\" data-align=\"right\">7.00\u00a0\u20ac<\/td><\/tr><tr><td><strong>Tiramisu caf\u00e9<\/strong><\/td><td class=\"has-text-align-right\" data-align=\"right\">7.00\u00a0\u20ac<\/td><\/tr><tr><td><strong>Cr\u00e8me br\u00fbl\u00e9e<\/strong><\/td><td class=\"has-text-align-right\" data-align=\"right\">6.50\u00a0\u20ac<\/td><\/tr><tr><td><strong>Glace Artisanale Fran\u00e7aise au choix<\/strong><br>(Vanille, Chocolat, Caf\u00e9, Poire, Fraise, Framboise, Citron, Citron Vert, Cassis, Chartreuse)<br><br>Coupe Colonel<br>Coupe Bourguignonne<br>Coupe Francesca<br>Coupe Abbaye<\/td><td class=\"has-text-align-right\" data-align=\"right\"><br><br>1 Boule 2.50\u20ac<br>2 Boules 4.50\u20ac<br>3 Boules 6.50\u20ac<br><br><br><br>9.50\u20ac<br>9.50\u20ac<br>9.50\u20ac<br>11.50\u20ac<\/td><\/tr><\/tbody><\/table><\/figure>\n<\/div>\n<\/div>\n<\/div>\n\n\n\n<div class=\"wp-block-group alignwide is-style-tove-shaded has-background-color has-text-color has-background has-link-color wp-elements-b2f60de614ba7120ea71a8a83f8b41d7 is-layout-flow wp-block-group-is-layout-flow\" style=\"background-color:#ffffff00\">\n<h2 class=\"wp-block-heading has-text-align-center has-background-color has-text-color has-link-color wp-elements-819ea2f607e3d640e5c19a3928f34d7d\"><strong>R\u00e9servez par t\u00e9l\u00e9phone <\/strong><\/h2>\n\n\n\n<div class=\"wp-block-buttons is-horizontal is-content-justification-center is-nowrap is-layout-flex wp-container-core-buttons-is-layout-cde8df31 wp-block-buttons-is-layout-flex\" style=\"margin-top:var(--wp--preset--spacing--20);margin-bottom:0\">\n<div class=\"wp-block-button is-style-fill\"><a class=\"wp-block-button__link has-foreground-color has-background-background-color has-text-color has-background has-link-color has-border-color has-foreground-border-color has-normal-font-size has-custom-font-size wp-element-button\" href=\"tel:0385502247\" style=\"padding-top:10px;padding-right:16px;padding-bottom:10px;padding-left:16px\" target=\"_blank\" rel=\"noreferrer noopener\">03 85 50 22 47<\/a><\/div>\n<\/div>\n<\/div>\n<\/div>\n<\/div>\n\n\n\n<hr class=\"wp-block-separator alignfull has-text-color has-background-color has-alpha-channel-opacity has-background-background-color has-background is-style-wide\"\/>\n\n\n\n<p class=\"has-text-align-center has-background-color has-text-color has-link-color has-normal-font-size wp-elements-5bb5fbd1cea7d285005adeee30353b8f\"><strong>Les horaires d&rsquo;ouvertures<\/strong> : <br>Du mardi midi au samedi soir <br>de 12h \u00e0 14h15 et de 18h30 \u00e0 21h15<br><a href=\"https:\/\/maps.app.goo.gl\/ApkbSzQ1CUBzfhcX6\" data-type=\"link\" data-id=\"https:\/\/maps.app.goo.gl\/ApkbSzQ1CUBzfhcX6\" target=\"_blank\" rel=\"noreferrer noopener\">24 rue merci\u00e8re 71250 Cluny<\/a>&nbsp;|&nbsp;<a href=\"tel:0385502247\">03&nbsp;85&nbsp;50&nbsp;22&nbsp;47<\/a><br><strong>\u00a9 2024<\/strong> Francesca Cluny&nbsp;|&nbsp;<a href=\"https:\/\/francescacluny.fr\/index.php\/mentions-legales-et-credits\/\" data-type=\"link\" data-id=\"https:\/\/francescacluny.fr\/index.php\/mentions-legales-et-credits\/\">Mentions&nbsp;l\u00e9gales&nbsp;et&nbsp;cr\u00e9dits<\/a><\/p>\n","protected":false},"excerpt":{"rendered":"<p>Nos pizzassur place ou \u00e0 emporter MargheritaTomate, mozzarella Fiore Di Latte, basilic, huile d&rsquo;olive 10.00 \u20ac NapolitaineTomate, anchois, c\u00e2pres, olives noires 11.50 \u20ac ReineTomate, mozzarella Fiore Di Latte, jambon blanc, champignons 12.50 \u20ac 4 fromagesTomate, mozzarella Fiore Di Latte, gorgonzola AOP, ch\u00e8vre frais de la Laiterie BERNARD, chaource 14.50 \u20ac Calzone (pizza en chausson)Tomate, Mozzarella [&hellip;]<\/p>\n","protected":false},"author":2,"featured_media":0,"parent":0,"menu_order":0,"comment_status":"closed","ping_status":"closed","template":"","meta":{"footnotes":""},"class_list":["post-18","page","type-page","status-publish","hentry"],"_links":{"self":[{"href":"https:\/\/francescacluny.fr\/index.php\/wp-json\/wp\/v2\/pages\/18","targetHints":{"allow":["GET"]}}],"collection":[{"href":"https:\/\/francescacluny.fr\/index.php\/wp-json\/wp\/v2\/pages"}],"about":[{"href":"https:\/\/francescacluny.fr\/index.php\/wp-json\/wp\/v2\/types\/page"}],"author":[{"embeddable":true,"href":"https:\/\/francescacluny.fr\/index.php\/wp-json\/wp\/v2\/users\/2"}],"replies":[{"embeddable":true,"href":"https:\/\/francescacluny.fr\/index.php\/wp-json\/wp\/v2\/comments?post=18"}],"version-history":[{"count":25,"href":"https:\/\/francescacluny.fr\/index.php\/wp-json\/wp\/v2\/pages\/18\/revisions"}],"predecessor-version":[{"id":199,"href":"https:\/\/francescacluny.fr\/index.php\/wp-json\/wp\/v2\/pages\/18\/revisions\/199"}],"wp:attachment":[{"href":"https:\/\/francescacluny.fr\/index.php\/wp-json\/wp\/v2\/media?parent=18"}],"curies":[{"name":"wp","href":"https:\/\/api.w.org\/{rel}","templated":true}]}}